 -4) + (4 - 5)
-6
Calculate (-17 - (-33 - -10)) + 3 + 1.
10
What is the value of (1 - -7) + -66 + 62?
4
What is the value of (-1 - -8) + 53 + -59?
1
Calculate (0 - (3 - -2 - 5)) + 6.
6
What is -14 + 19 + -11 - (3 + 0)?
-9
What is the value of 1 + 11 + (132 - 139)?
5
What is the value of (3 - 4) + -2 + 1 + 3?
1
Evaluate 2 + 1 + (71 - 80).
-6
Evaluate -1 + 6 + -2 + -5 + 5.
3
What is (0 + 0 - (2 - 8)) + -11?
-5
Calculate 6 - -1 - (63 + -55).
-1
-3 + -1 + -2 + 2
-4
What is the value of 2 + 2 + -1 - 8?
-5
15 + -5 - (5 + 5)
0
What is -2 + 2 - ((-11 - -4) + 2)?
5
Calculate 5 + -1 - -1 - (7 - 6).
4
Calculate -1 + -1 - (-39 + 29).
8
Evaluate 5 - (-7 - (-17 - -7)).
2
What is 3 + -5 - (-2 + 3)?
-3
Calculate 19 + 0 + (0 - 7) + -6.
6
What is the value of -2 + 10 + -9 - (-3 + -2)?
4
5 - (-1 - (-5 + 3) - 0)
4
Evaluate 25 + -23 - (-14 - -2) - 4.
10
Calculate 1 + 3 + -4 + (0 - 3).
-3
What is the value of 6 - (13 - (-5 + 10))?
-2
1 + 3 + -42 + 41
3
Calculate 1 + -1 - 2 - (7 - 6).
-3
13 + 4 + -7 + (1 - 6)
5
What is 5 - (3 - (-2 - (-5 - -2)))?
3
(-1 - -2) + -1 + 4 + -4
0
Calculate 7 + (5 - -7 - 12).
7
-4 + 7 + -2 + -1
0
Calculate 3 - (-4 - (-9 + -8)).
-10
What is 4 - (1 - (-4 - 4))?
-5
Evaluate (14 - (12 + -6)) + -1.
7
What is the value of 1 - 1 - (5 - (13 - 5))?
3
Calculate 3 + 0 + -7 - -4 - 0.
0
Calculate (16 - 13 - (-3 - 0)) + -6.
0
What is the value of 0 + -3 - -2 - (-7 + 6)?
0
What is the value of (-6 - -5 - 4) + 1?
-4
What is the value of 62 + -67 + 0 + -1 - -13?
7
Calculate -6 + 3 - 1 - -1 - -3.
0
What is -2 + 2 - (10 - (-2 - -21))?
9
What is -3 + (4 + -11 - (-10 - 1))?
1
What is -3 + 1 - (7 + -14 - -2)?
3
5 - (15 - 5) - -15
10
Calculate -8 + 6 - (3 - 11).
6
Calculate 3 - (6 - (8 - 3)).
2
Evaluate -12 + 1 + (15 - -3 - 12).
-5
Calculate (3 - (-5 - -13)) + 5.
0
Evaluate (2 - 5) + 4 + (3 - 7).
-3
Calculate -18 - -9 - (-7 + -4 + 7).
-5
Calculate -5 - (-3 - -1 - 2).
-1
What is the value of (-1 + 0 + 2 - -5) + -2?
4
Evaluate (-4 - (0 - 6)) + -5.
-3
What is the value of 1 - (0 + -1) - (25 - 26)?
3
What is (-9 - -9) + (2 - (-4 - 0))?
6
2 + (-4 - -5) + -1 + -1
1
Calculate (8 - -8 - 7) + -3.
6
Calculate 2 + -17 + 17 - (0 - -1).
1
Calculate 289 + -287 - (1 - -1).
0
Evaluate (-2 - (4 + -2)) + (1 - 3).
-6
What is the value of 7 - (7 - -1) - (-2 + 0)?
1
What is 2 + 2 - (-1 + 5)?
0
Evaluate 1 - 2 - (-6 + 4).
1
What is the value of -2 + -2 + 0 + 3 - 1?
-2
Evaluate 0 + 0 + 3 + 2.
5
What is (-1 - -4 - (-36 + 35)) + 3?
7
Evaluate -9 - -18 - 10 - 7.
-8
What is (-9 - -19 - 1) + -9?
0
Calculate -2 + (5 - (5 + -2)).
0
What is the value of (-1 - (4 + 4 + -17)) + -4?
4
Calculate -4 + 4 - 3 - (2 + -4).
-1
(2 - 3) + (2 - (-5 + 1))
5
What is 0 - (-1 + 1 + (-4 - 1))?
5
What is -9 - (9 + -15) - (-5 - 1)?
3
Calculate -3 - (-4 + (-4 - -6)).
-1
What is the value of -4 + (-3 - -2) + 3?
-2
Calculate 3 - (-5 + 0 - (1 - 6)).
3
What is the value of (0 - 1) + 6 - 12?
-7
(3 - (8 - (-5 - -3))) + -1
-8
Calculate -7 - (-7 - -2 - 12).
10
Calculate (3 - 2) + -5 + 1.
-3
What is the value of (151 - 153) + (1 + -1 - -7)?
5
(9 - 16) + 11 + -3
1
Evaluate 1 + 2 + (1 - (-10 + 23)).
-9
What is the value of -5 + -2 + 15 + -2 + -5?
1
3 + -1 + (6 - 4)
4
-2 + 2 + (-7 - -9) + -5
-3
Evaluate (-1 - 5) + 11 - 11.
-6
Calculate 1 + 20 + -29 + -1 + 8.
-1
Evaluate 8 + -12 + 12 - 16.
-8
Calculate 14 + (-10 - -7 - 2) + -2.
7
What is -2 + -1 + 4 + 0 + 4?
5
What is -5 + -15 + 19 + 0 + 0?
-1
Evaluate 0 + 8 + -37 + 32.
3
What is the value of -8 + (-11 - -18) + -8?
-9
Calculate (-3 - (-7 + -2)) + 0.
6
What is -9 + 13 + -5 + -3?
-4
23 - 18 - (7 + -2 + 2)
-2
Calculate (3 - (-1 + 7)) + 0 + 4.
1
Evaluate -14 + 23 - (-5 - -2 - -8).
4
Evaluate (1 - (9 + -3)) + 6.
1
What is the value of 6 - (6 + 1 - -3)?
-4
Calculate 11 + (-44 - -12) + 12.
-9
(0 + 0 - 0) + -2 - -1
-1
-82 + 83 + 4 + -1
4
2 - (8 - (0 + 0 + 4))
-2
What is the value of (3 - (-3 + 3)) + 1 + -2?
2
Calculate -2 - -5 - 0 - (5 - 5).
3
What is -1 - 2 - (-5 + 2) - -5?
5
Calculate 4 - (3 + 2 - (5 + -2)).
2
Calculate (-30 - -31) + (1 - 2).
0
Evaluate (-12 - -6) + 2 - -2.
-2
Evaluate -1 - (-3 + 2) - (1 - 6).
5
Evaluate -4 - (4 - 8) - 0.
0
Calculate 27 + -2 + -12 - (1 + 4).
8
Evaluate 2 + (-5 - (-5 + -1)).
3
-2 - (0 + -9 - (12 - 15))
4
Calculate -2 - (-4 + -4 + 5 + 4).
-3
8 - 0 - (19 + 1 + -23)
11
-33 + 32 + -5 + 8
2
Evaluate (-1 - 12) + 13 + 5.
5
What is the value of -5 + (3 + 2 - (0 - 7))?
7
-8 + (0 - 4) + 11
-1
What is the value of (-7 - -4) + 2 - 0?
-1
Evaluate -6 + 3 + (1 - (3 + -1)).
-4
What is the value of -6 + -1 - (128 - 139)?
4
Evaluate (0 - 2) + 2 + 7 + 0.
7
Calculate (3 - 1) + -6 + (0 - 0).
-4
What is the value of -1 + 4 - 0 - 5 - -2?
0
2 + (9 - 7) - (-1 - -10)
-5
Evaluate (4 - (1 + (4 - 3))) + -5.
-3
What is the value of -6 - (-10 + 8 - 5)?
1
Calculate -3 + (-2 - -3) - (-6 - -6).
-2
Evaluate 1 + 6 - 4 - 3.
0
What is -18 + (-15 - -13) + 12?
-8
Evaluate (3 - -1) + -2 - (3 - 1).
0
What is the value of 7 + -1 - (4 - 3)?
5
Evaluate -6 + 8 + 4 - -1.
7
What is the value of 6 + (1 + -1 - (9 - 7))?
4
(-7 - -5 - -8) + -11
-5
Evaluate 15 + -19 - -9 - (-1 - -6).
0
1 + -2 + (1 - (1 + -5))
4
What is 2 - (1 - 3) - 3 - -2?
3
(-1 - -7) + (-1 - -1) + -8
-2
Evaluate (-1 - (-2 + 2)) + (-5 - -6).
0
Calculate 3 + -1 + (-6 - -1 - -3).
0
Evaluate 3 + (2 - 0) + -2.
3
4 + -2 - (20 + -21)
3
What is -6 + 8 + (-3 - -1)?
0
0 - (1 - 4) - 4
-1
Evaluate -2 - (0 + 8 - (11 + -7)).
-6
What is -21 + 13 - (-2 + 3)?
-9
What is the value of (-4 - -6) + 3 - 8 - -6?
3
Calculate 1 - 3 - (7 - 5 - 6).
2
What is 1 + -5 + (-28 - -30)?
-2
Evaluate -9 + -1 + 11 - (3 + 0).
-2
Evaluate 0 - (1 - (-2 + (4 - 0))).
1
What is the value of 1 - (-27 + 23 + (1 - -3))?
1
What is the value of -8 - ((1 - -2) + -6) - 0?
-5
Evaluate 29 + -39 + (2 - (1 - 1)).
-8
What is the value of -2 - (6 + 3 + (3 - 6))?
-8
Calculate (1 - 2) + (28 - 8) + -22.
-3
Calculate -15 + (0 - (-2 - 8) - 3).
-8
Calculate 13 + (-13 - (17 - 7)).
-10
Calculate 1 - 10 - (-1 - 6).
-2
What is the value of -21 + 14 + (1 - 3) + 2?
-7
Calculate -4 + (5 - -3 - -1).
5
What is (0 - 6) + 59 + -45 - 1?
7
Evaluate 2 + -3 + -1 + -12 + 10.
-4
What is 2 - (-8 + -3) - 2?
11
What is the value of 10 - (3 + 1) - (-6 - -10)?
2
What is the value of -4 + (-2 - -3) + 4 + -3?
-2
1 + -2 - (-5 - (-4 + 2))
2
3 + 0 + (1 - (9 - 2))
-3
(1 - (-2 - -1)) + -6
-4
What is (0 - 3) + (-3 - -8)?
2
What is -1 + (-1 + -4 - (-34 - -34))?
-6
What is the value of (-4 - 1) + 1 + 7 + -6?
-3
What is the value of 3 - ((1 - -9) + (12 - 13))?
-6
Calculate -13 - 0 - (33 - 41).
-5
What is 1 + -3 + -1 + 5?
2
1 - (-7 + (4 - -13))
-9
What is 1 + -8 + 5 - 0?
-2
-3 + -1 + -3 + 8
1
Calculate (0 - (4 + -5)) + -1.
0
What is the value of 3 - (6 - (-2 - -13 - 2))?
6
3 + (2 - 3 - (-1 - 0))
3
What is -3 - ((3 - 10) + -3 + 9)?
-2
4 + (4 - (8 - (-7 - -3)))
-4
Evaluate 2 - ((-4 + 6 - 2) + 5).
-3
Calculate 3 - (4 - (4 - (6 + -4))).
1
What is the value of -1 + 1 + 1 + (2 - 8)?
-5
Calculate (-4 - -3) + (-3 - -6).
2
What is 2 + 9 - 7 - (2 + 0)?
2
Calculate -2 - (2 - -3 - (-5 - -9)).
-3
Calculate -3 - 0 - (7 + (-12 - -2)).
0
What is the value of -26 + 21 - (1 - (2 - 1))?
-5
Evaluate 1 + (4 - (0 + (3 - 0))).
2
3 - (-3 - 0 - (-9 - -4))
1
What is 1 + 11 - (-23 - -30)?
5
What is the value of 435 + -427 - (4 + (0 - 1))?
5
What is 3 + -9 + 6 + 2?
2
What is 4 + (-4 - (-3 - 1)) + -6?
-2
What is (-1 - -2) + (-6 - -10 - 8)?
-3
Calculate (7 + -10 - (0 - 1)) + 0.
-2
What is the value of 0 - 6 - (3 - 6 - -2)?
-5
Calculate -2 - (-11 + 8 - -6).
-5
Evaluate (1 - (10 + -3)) + 1.
-5
Evaluate (-10 - 4 - -12) + (0 - 5).
-7
What is -76 + 80 + 1 + 1?
6
What is the value of -2 + -4 + (1 - -1) + -1?
-5
What is 2 + (-3 - -2) - (21 + -12)?
-8
Evaluate 8 + -7 + 1 + 0 + -1.
1
-5 - (1 - 0 - (5 - -1))
0
Calculate (3 - 2) + -3 + 5.
3
What is the value of (-3 + (2 - -1) - -2) + -2?
0
What is the value of 2 + 0 - (-18 - -6 - -18)?
-4
1 - (2 - -1) - -4
2
What is -4 - 2 - -1 - -11?
6
What is -6 - (-10 - (-1 - (1 - -3)))?
-1
What is the value of 7 - ((-1 - -7) + 0)?
1
-42 + 43 + 1 + -1
1
What is 5 + -1 + (0 - 0)?
4
What is (4 - (2 + 1) - -2) + -3?
0
What is the value of -3 - (0 - 7 - (14 - 14))?
4
16 + -10 + 0 + 7 + -2
11
Evaluate 5 - 47 - -30 - (0 - 7).
-5
Evaluate 1 + -3 + (0 - -5) + -4.
-1
What is the value of 7 + (-4 + 3 - -2) + -4?
4
Evaluate 2 + -1 + -2 +